 -10?
203445
In base 4, what is 13313 - -13311?
33230
In base 5, what is -2 + 2120131?
2120124
In base 15, what is 17a23 + 0?
17a23
In base 12, what is 4601 - 3?
45ba
In base 13, what is -a113b - -3?
-a1138
In base 5, what is -1040 + -2204?
-3244
In base 4, what is -3212 + 211210?
201332
In base 13, what is c + 19c48?
19c57
In base 2, what is 110000010111000 - -1100?
110000011000100
In base 6, what is 1000 + -14301?
-13301
In base 5, what is -1032231240 + 10?
-1032231230
In base 12, what is a - 824?
-816
In base 9, what is -5 - 470874?
-470880
In base 5, what is 1 + 44240044?
44240100
In base 15, what is 49 + -17e?
-135
In base 14, what is d99 - 3?
d96
In base 16, what is 1f60a1 - -4?
1f60a5
In base 7, what is 322 + -160?
132
In base 15, what is 4ca - -258?
733
In base 4, what is 2223 + -1022?
1201
In base 16, what is -1d08e + -5?
-1d093
In base 4, what is -230102130203 - 3?
-230102130212
In base 14, what is -316 + b?
-309
In base 3, what is 101 + 11110121?
11110222
In base 5, what is 2300201 + -1?
2300200
In base 6, what is 10011 + -2254?
3313
In base 6, what is -23553 - -15?
-23534
In base 8, what is -12607 - 0?
-12607
In base 7, what is -1054234 + -21?
-1054255
In base 11, what is a - 13823?
-13814
In base 9, what is 387 + 18?
416
In base 10, what is 37 - -7318?
7355
In base 8, what is -7534 + 112?
-7422
In base 15, what is -4 - -3d268?
3d264
In base 2, what is 11 - 110111001101000?
-110111001100101
In base 16, what is -40 + -5ad?
-5ed
In base 8, what is -1201220 + 11?
-1201207
In base 10, what is -680820 + -4?
-680824
In base 13, what is a + -103031?
-103024
In base 7, what is 5 + -1010016?
-1010011
In base 4, what is -10 + -101231?
-101301
In base 5, what is 1 + 1430331?
1430332
In base 5, what is 33210 + -121?
33034
In base 13, what is -12012 + -7?
-12019
In base 6, what is -11055030 - -2?
-11055024
In base 15, what is 1a37 + 1?
1a38
In base 4, what is 22003 - 1220?
20123
In base 6, what is -113152224 + 3?
-113152221
In base 11, what is 67a87 + -2?
67a85
In base 13, what is 4c25 - -310?
5235
In base 11, what is 12 + 27a3a?
27a51
In base 6, what is -10521235 - -1?
-10521234
In base 9, what is -11363 - -216?
-11146
In base 14, what is 4 + -883a?
-8836
In base 15, what is 30253 + 4?
30257
In base 4, what is 1100 - -1233?
2333
In base 5, what is -22210 + -4024?
-31234
In base 5, what is 14342232 - -43?
14342330
In base 16, what is e1 - -39?
11a
In base 14, what is 1745c + 2?
17460
In base 8, what is -10 - 60641?
-60651
In base 13, what is 30 - -323?
353
In base 15, what is -6b46 - 13?
-6b59
In base 8, what is 26 - -14112?
14140
In base 7, what is -11 - 30535?
-30546
In base 15, what is 4687 + 2e6?
497d
In base 14, what is 69b - 19?
682
In base 3, what is -12000210 + 1?
-12000202
In base 15, what is 5 - 11964?
-1195e
In base 16, what is -6 + 76df?
76d9
In base 13, what is -a0 + -cc?
-19c
In base 11, what is -1700 - 4?
-1704
In base 7, what is -43 - -1012?
636
In base 5, what is 10 - 214003?
-213443
In base 13, what is 11 + -54c25?
-54c14
In base 12, what is -38 + -2509?
-2545
In base 15, what is 5ab + -9?
5a2
In base 10, what is 339819 - 3?
339816
In base 9, what is -1083 - -11?
-1072
In base 11, what is -1a1 + 7a6?
605
In base 15, what is c8d0 + -4?
c8cb
In base 2, what is 100000110011 + 11011?
100001001110
In base 11, what is 106 - 4501?
-43a6
In base 3, what is 212 + -11110010?
-11102021
In base 10, what is 249921 + 0?
249921
In base 14, what is -207 + 7d?
-168
In base 2, what is 11100111010101111001 + -1?
11100111010101111000
In base 9, what is -33765 + 0?
-33765
In base 10, what is -20 - -2057?
2037
In base 9, what is -1041 + -2083?
-3134
In base 13, what is -29ac + 7?
-29a5
In base 14, what is -4 + -4320?
-4324
In base 7, what is -1332 + -1555?
-3220
In base 5, what is 1 + -2421?
-2420
In base 4, what is 1012331 - 2?
1012323
In base 16, what is 5 + -4e118?
-4e113
In base 6, what is -1515541002 + 1?
-1515541001
In base 7, what is -430 + -406?
-1136
In base 15, what is 19 - 9ba9?
-9b90
In base 14, what is c957 + 1?
c958
In base 12, what is -1 + 272b7?
272b6
In base 9, what is 85 - -7356?
7452
In base 7, what is -60 + 6005?
5615
In base 3, what is -211100122110 - 11?
-211100122121
In base 5, what is 314 - -30114?
30433
In base 14, what is 1 + 311a?
311b
In base 3, what is -111121222 + 120?
-111121102
In base 6, what is 11332 + 222?
11554
In base 11, what is 683888 - 0?
683888
In base 3, what is 10011021201 + 2?
10011021210
In base 4, what is -103223120 + 3?
-103223111
In base 5, what is 21 + 302114?
302140
In base 14, what is 1b9469 - 0?
1b9469
In base 9, what is -5 - 431051?
-431056
In base 16, what is 7 - 2500?
-24f9
In base 16, what is -1 + -a389?
-a38a
In base 14, what is 7a0 - -1153?
1913
In base 3, what is 1000121 - 212?
222202
In base 8, what is -171 - 36531?
-36722
In base 2, what is -11011101 + 10001000100?
1101100111
In base 8, what is 163035 - -13?
163050
In base 8, what is 442 + 76?
540
In base 10, what is -41643 + 13?
-41630
In base 3, what is 21012 + 11220111?
12011200
In base 9, what is -737084 + 1?
-737083
In base 2, what is 11011001101011111001 - -1?
11011001101011111010
In base 3, what is -1200 - -2220100221?
2220022021
In base 6, what is 3031 - -550?
4021
In base 15, what is -1 + -1e7e1?
-1e7e2
In base 13, what is 3 - 39b0?
-39aa
In base 8, what is 620016 - -1?
620017
In base 6, what is -1 - -12341245?
12341244
In base 8, what is 0 + 444672?
444672
In base 5, what is -1043 + 3132?
2034
In base 14, what is 1453 + -43?
1410
In base 4, what is 0 + 310030233?
310030233
In base 7, what is 4 - -44256?
44263
In base 14, what is -197b21 - 0?
-197b21
In base 10, what is -2264 + 128?
-2136
In base 8, what is -4151 - -133?
-4016
In base 15, what is 26e82 + 5?
26e87
In base 11, what is -38 - 355?
-392
In base 6, what is 3133035 - -25?
3133104
In base 12, what is -1 + bb?
ba
In base 10, what is 23 + -103?
-80
In base 6, what is -42 - 1141?
-1223
In base 10, what is 47 - 19890?
-19843
In base 3, what is -121 + -201102?
-202000
In base 5, what is 1011440 - -33?
1012023
In base 9, what is -2 - 3322?
-3324
In base 16, what is -b75 - 4c?
-bc1
In base 11, what is 14745 + -4?
14741
In base 15, what is -2197 - 1?
-2198
In base 8, what is 130 + 727?
1057
In base 4, what is -12221221 + 33?
-12221122
In base 6, what is 5 - 510131?
-510122
In base 14, what is 69 - 1b3c?
-1ab3
In base 5, what is 0 - 113242341?
-113242341
In base 12, what is 5 - 7b252?
-7b249
In base 4, what is -3 - -3013332022?
3013332013
In base 9, what is -12023 - -258?
-11654
In base 10, what is 0 + 294551?
294551
In base 6, what is -2200 + 13100?
10500
In base 14, what is -1 + -2c05?
-2c06
In base 16, what is 17 - cc91?
-cc7a
In base 9, what is -7272 - -24?
-7247
In base 7, what is -55000661 + -3?
-55000664
In base 13, what is -23c - -182?
-8a
In base 3, what is 100 + 20202211?
20210011
In base 10, what is -19393 + -142?
-19535
In base 15, what is -4 - -182e70?
182e6b
In base 4, what is -133 + -10000033?
-10000232
In base 4, what is -1222 + 3310?
2022
In base 16, what is 26a + 15?
27f
In base 7, what is -2 - -16431?
16426
In base 16, what is 128 - 699?
-571
In base 9, what is -17 + -168044?
-168062
In base 14, what is 0 + -33c8?
-33c8
In base 4, what is -1322021 + -33?
-1322120
In base 14, what is 72a1 - -4?
72a5
In base 9, what is -2172 + -20?
-2202
In base 6, what is -434531100 + -3?
-434531103
In base 11, what is 264503 + 0?
264503
In base 15, what is d3d + -42?
ceb
In base 10, what is -97715 - -5?
-97710
In base 5, what is 11 - -10032433?
10032444
In base 9, what is 81 - 438?
-347
In base 6, what is 5 - 1300535?
-1300530
In base 16, what is -efd - a?
-f07
In base 9, what is 134046 + 2?
134048
In base 8, what is 4 - 1443267?
-1443263
In base 11, what is a7212 - 7?
a7206
In base 14, what is -5 + -2b4dd9?
-2b5000
In base 10, what is 97 + 44083?
44180
In base 15, what is -4 - -1542?
153d
In base 12, what is -2 + 26a07?
26a05
In base 7, what is -2 - -510663?
510661
In base 12, what is -3 + 61b9?
61b6
In base 14, what is 6 + -316?
-310
In base 14, what is 352b - 1a?
3511
In base 2, what is -11110 - -11?
-11011
In base 3, what is 1220212001001 - 0?
1220212001001
In base 9, what is -680430 + 1?
-680428
In base 4, what is -2 + -11310131?
-11310133
In base 5, what is 2222 + -2